the thousands digit of 6584?
6
What is the hundreds digit of 39242?
2
What is the hundreds digit of 45182?
1
What is the units digit of 442?
2
What is the hundreds digit of 1542?
5
What is the units digit of 2038?
8
What is the ten thousands digit of 11670?
1
What is the hundreds digit of 27752?
7
What is the tens digit of 5223?
2
What is the units digit of 7964?
4
What is the thousands digit of 1797?
1
What is the units digit of 79874?
4
What is the thousands digit of 11710?
1
What is the thousands digit of 6695?
6
What is the tens digit of 5840?
4
What is the tens digit of 82745?
4
What is the hundreds digit of 952?
9
What is the tens digit of 3355?
5
What is the hundreds digit of 2900?
9
What is the hundreds digit of 9712?
7
What is the thousands digit of 1115?
1
What is the units digit of 20033?
3
What is the thousands digit of 1501?
1
What is the thousands digit of 2365?
2
What is the units digit of 608?
8
What is the hundreds digit of 951?
9
What is the hundreds digit of 822?
8
What is the thousands digit of 4811?
4
What is the hundreds digit of 2075?
0
What is the units digit of 7367?
7
What is the units digit of 831?
1
What is the hundreds digit of 49928?
9
What is the tens digit of 3368?
6
What is the thousands digit of 1295?
1
What is the thousands digit of 3643?
3
What is the thousands digit of 51218?
1
What is the ten thousands digit of 19370?
1
What is the hundreds digit of 7665?
6
What is the thousands digit of 1375?
1
What is the units digit of 8530?
0
What is the units digit of 5602?
2
What is the thousands digit of 60255?
0
What is the ten thousands digit of 164184?
6
What is the thousands digit of 1605?
1
What is the thousands digit of 2836?
2
What is the units digit of 1215?
5
What is the hundreds digit of 1174?
1
What is the tens digit of 8745?
4
What is the units digit of 38045?
5
What is the units digit of 1415?
5
What is the thousands digit of 1388?
1
What is the units digit of 5828?
8
What is the thousands digit of 4601?
4
What is the hundreds digit of 19506?
5
What is the tens digit of 952?
5
What is the ten thousands digit of 19123?
1
What is the tens digit of 929?
2
What is the tens digit of 730?
3
What is the hundreds digit of 27097?
0
What is the hundreds digit of 12048?
0
What is the hundreds digit of 25740?
7
What is the units digit of 543?
3
What is the hundreds digit of 8252?
2
What is the tens digit of 7488?
8
What is the ten thousands digit of 19794?
1
What is the ten thousands digit of 14286?
1
What is the hundreds digit of 51374?
3
What is the thousands digit of 1989?
1
What is the tens digit of 3691?
9
What is the ten thousands digit of 11761?
1
What is the tens digit of 39385?
8
What is the tens digit of 54525?
2
What is the hundreds digit of 472?
4
What is the hundreds digit of 16296?
2
What is the tens digit of 196429?
2
What is the hundreds digit of 922?
9
What is the units digit of 17406?
6
What is the units digit of 52?
2
What is the ten thousands digit of 83699?
8
What is the thousands digit of 1354?
1
What is the units digit of 1721?
1
What is the tens digit of 7807?
0
What is the ten thousands digit of 30392?
3
What is the tens digit of 78016?
1
What is the ten thousands digit of 76734?
7
What is the thousands digit of 2198?
2
What is the hundreds digit of 397?
3
What is the units digit of 4753?
3
What is the tens digit of 128?
2
What is the units digit of 15788?
8
What is the ten thousands digit of 19255?
1
What is the units digit of 1951?
1
What is the hundreds digit of 4731?
7
What is the hundreds digit of 771?
7
What is the units digit of 94600?
0
What is the units digit of 5614?
4
What is the thousands digit of 5677?
5
What is the tens digit of 36365?
6
What is the tens digit of 163?
6
What is the thousands digit of 12683?
2
What is the units digit of 42298?
8
What is the hundreds digit of 20258?
2
What is the units digit of 29589?
9
What is the hundreds digit of 4991?
9
What is the units digit of 1775?
5
What is the hundreds digit of 119?
1
What is the tens digit of 95811?
1
What is the units digit of 7826?
6
What is the tens digit of 592?
9
What is the units digit of 91824?
4
What is the units digit of 9448?
8
What is the tens digit of 193?
9
What is the hundreds digit of 141?
1
What is the hundreds digit of 4105?
1
What is the thousands digit of 5390?
5
What is the units digit of 24718?
8
What is the tens digit of 1795?
9
What is the tens digit of 342?
4
What is the units digit of 3749?
9
What is the tens digit of 83?
8
What is the units digit of 26563?
3
What is the thousands digit of 36372?
6
What is the tens digit of 62931?
3
What is the hundreds digit of 162?
1
What is the units digit of 18347?
7
What is the tens digit of 405?
0
What is the units digit of 45024?
4
What is the tens digit of 28993?
9
What is the thousands digit of 49808?
9
What is the hundreds digit of 76552?
5
What is the thousands digit of 3169?
3
What is the units digit of 2201?
1
What is the units digit of 106?
6
What is the hundreds digit of 1218?
2
What is the thousands digit of 1464?
1
What is the units digit of 1494?
4
What is the ten thousands digit of 18863?
1
What is the units digit of 7368?
8
What is the units digit of 16360?
0
What is the ten thousands digit of 49207?
4
What is the units digit of 799?
9
What is the units digit of 1178?
8
What is the tens digit of 644?
4
What is the thousands digit of 15656?
5
What is the tens digit of 553?
5
What is the units digit of 6954?
4
What is the units digit of 98?
8
What is the thousands digit of 50188?
0
What is the hundreds digit of 5488?
4
What is the thousands digit of 36744?
6
What is the units digit of 68187?
7
What is the tens digit of 367?
6
What is the hundreds digit of 341?
3
What is the units digit of 9609?
9
What is the ten thousands digit of 19754?
1
What is the hundreds digit of 4897?
8
What is the units digit of 1142?
2
What is the hundreds digit of 1095?
0
What is the tens digit of 1375?
7
What is the hundreds digit of 12102?
1
What is the hundreds digit of 17959?
9
What is the hundreds digit of 8171?
1
What is the units digit of 11?
1
What is the tens digit of 948?
4
What is the hundreds digit of 663?
6
What is the thousands digit of 14166?
4
What is the units digit of 3778?
8
What is the hundreds digit of 487?
4
What is the units digit of 4252?
2
What is the tens digit of 2880?
8
What is the hundred thousands digit of 132870?
1
What is the thousands digit of 6908?
6
What is the hundreds digit of 2746?
7
What is the thousands digit of 18930?
8
What is the hundreds digit of 4655?
6
What is the units digit of 2100?
0
What is the tens digit of 4946?
4
What is the tens digit of 57404?
0
What is the tens digit of 2331?
3
What is the tens digit of 747?
4
What is the thousands digit of 16656?
6
What is the ten thousands digit of 21304?
2
What is the tens digit of 29082?
8
What is the thousands digit of 41673?
1
What is the tens digit of 5599?
9
What is the tens digit of 51764?
6
What is the hundreds digit of 5347?
3
What is the units digit of 1368?
8
What is the units digit of 1232?
2
What is the hundreds digit of 4798?
7
What is the tens digit of 602?
0
What is the ten thousands digit of 20230?
2
What is the tens digit of 2160?
6
What is the thousands digit of 1100?
1
What is the hundreds digit of 9899?
8
What is the tens digit of 138?
3
What is the hundreds digit of 29964?
9
What is the thousands digit of 1013?
1
What is the hundreds digit of 1740?
7
What is the hundreds digit of 71237?
2
What is the units digit of 88118?
8
What is the tens digit of 316?
1
What is the tens digit of 6443?
4
What is the thousands digit of 17764?
7
What is the tens digit of 1619?
1
What is the ten thousands digit of 10054?
1
What is the tens digit of 291?
9
What is the tens digit of 1738?
3
What is the thousands digit of 19096?
9
What is the ten thousands digit of 25711?
2
What is the hundred thousands digit of 121621?
1
What is the hundreds digit of 8525?
5
What is the thousands digit of 26526?
6
What is the hundreds digit of 1821?
8
What is the units digit of 4941?
1
What is the ten thousands digit of 25792?
2
What is the thousands digit of 12037?
2
What is the hundreds digit of 127?
1
What is the units digit of 60673?
3
What is the ten thousands digit of 12941?
1
Wh